
Is 296292167 a prime number?
False
Is 6431008253 prime?
True
Is 4139495153 composite?
False
Is 1149633997 a composite number?
True
Is 64228399 a prime number?
True
Is 8658832303 composite?
True
Is 5844269 composite?
False
Is 9231891299 composite?
True
Is 9836497217 prime?
False
Is 2677324919 a composite number?
False
Is 3282988469 composite?
False
Is 415335329 a prime number?
True
Is 2014384037 prime?
True
Is 1239027497 prime?
True
Is 10973235101 a prime number?
True
Is 21883443803 a composite number?
True
Is 1200482629 a composite number?
False
Is 5007754721 a prime number?
True
Is 36625238141 a composite number?
True
Is 7088337899 a composite number?
False
Is 53185560091 prime?
True
Is 774381817 composite?
True
Is 1548592607 composite?
True
Is 327222046 a prime number?
False
Is 535855787 a prime number?
True
Is 77184754903 composite?
False
Is 240298891193 a composite number?
True
Is 325896139351 a prime number?
False
Is 2760873343 composite?
True
Is 142943429411 composite?
False
Is 7174857041 composite?
True
Is 75792418063 a composite number?
True
Is 590334713 prime?
False
Is 599617363 a composite number?
False
Is 5186889913 prime?
True
Is 24504227 composite?
True
Is 5741345347 a prime number?
True
Is 6954886262 a composite number?
True
Is 212196535 composite?
True
Is 750881401 prime?
False
Is 143706707 a prime number?
True
Is 130997515697 a composite number?
False
Is 30768605317 composite?
False
Is 2405561 prime?
True
Is 2561389667 a prime number?
True
Is 403824626477 composite?
True
Is 4847518163 prime?
True
Is 314231627 prime?
False
Is 18524241221 a composite number?
False
Is 50446241591 composite?
True
Is 11940211802 a composite number?
True
Is 944548499 a prime number?
False
Is 8942927569 a composite number?
False
Is 46526149067 composite?
False
Is 16190349601 composite?
False
Is 691143071 a composite number?
False
Is 6107501743 a prime number?
False
Is 169725923 prime?
True
Is 2617267291 a composite number?
False
Is 7784114867 a composite number?
True
Is 29991209723 a prime number?
True
Is 318025369 a prime number?
True
Is 36605040081 composite?
True
Is 2155561717 a composite number?
False
Is 2415259685 composite?
True
Is 3898405097 prime?
True
Is 2469346835 a prime number?
False
Is 4215056441 a composite number?
True
Is 103289713 prime?
True
Is 9853835051 a composite number?
False
Is 843925547 prime?
True
Is 6265961 a composite number?
True
Is 3777131 a composite number?
False
Is 20594110871 a composite number?
True
Is 7443456871 a prime number?
True
Is 18886845743 prime?
True
Is 47506742303 composite?
False
Is 9530849 prime?
True
Is 7969722703 prime?
True
Is 6569165819 prime?
True
Is 50178688477 a composite number?
True
Is 1153528099 composite?
True
Is 6747426247 composite?
False
Is 742121687 prime?
False
Is 66637721 a composite number?
False
Is 29164913819 prime?
True
Is 881126381 composite?
True
Is 33468632909 a prime number?
True
Is 44611886147 prime?
True
Is 2401608397 a composite number?
True
Is 16789041749 composite?
True
Is 115191947467 a prime number?
True
Is 323802118 composite?
True
Is 292403143 a composite number?
True
Is 104613343 prime?
True
Is 72597731 a composite number?
True
Is 3052577743 composite?
True
Is 586684619 a composite number?
False
Is 490641871 a composite number?
True
Is 9545590267 a prime number?
True
Is 6428819641 a prime number?
False
Is 4286148379 a composite number?
False
Is 3980285681 composite?
True
Is 7585905947 a prime number?
False
Is 595437197 composite?
False
Is 201147533 prime?
True
Is 6543313949 a prime number?
True
Is 5587423987 composite?
True
Is 26408285987 prime?
False
Is 13591700671 a composite number?
False
Is 5018479649 prime?
False
Is 865921883 a composite number?
True
Is 1313755849 a prime number?
False
Is 2169311533 a prime number?
True
Is 16281498157 a prime number?
True
Is 2392354857 a composite number?
True
Is 142802273 prime?
False
Is 102341273 a composite number?
True
Is 25241784871 prime?
False
Is 2353145393 a prime number?
False
Is 29468537771 a composite number?
False
Is 18232065659 a prime number?
False
Is 27817447919 a composite number?
False
Is 9439182061 a composite number?
False
Is 36002618063 a composite number?
False
Is 1845932449 a composite number?
False
Is 1119163547 a composite number?
False
Is 737803544519 prime?
False
Is 26122108073 prime?
False
Is 616569841 a composite number?
True
Is 27948811911 prime?
False
Is 226798830473 a composite number?
False
Is 2543785723 prime?
False
Is 8617980853 a prime number?
True
Is 1638181639 prime?
False
Is 36927944159 prime?
False
Is 99632333107 a composite number?
False
Is 174625259317 prime?
False
Is 1566999779 a composite number?
False
Is 856432007 composite?
True
Is 3533648974 composite?
True
Is 703314061 a prime number?
False
Is 115587667387 prime?
True
Is 54567621203 composite?
False
Is 16029837757 a prime number?
False
Is 5359679243 composite?
False
Is 2030274053 a composite number?
False
Is 554037607 a composite number?
False
Is 6390229949 composite?
True
Is 14424450487 a composite number?
True
Is 278247511 a composite number?
True
Is 2452186909 composite?
False
Is 18391381319 a prime number?
True
Is 1775322697 composite?
True
Is 3103271407 prime?
True
Is 1763364297 a composite number?
True
Is 1054158353 a composite number?
False
Is 5422291439 a composite number?
True
Is 2256360403 composite?
True
Is 2536972897 prime?
True
Is 6844897019 prime?
False
Is 726809843 a prime number?
False
Is 742231019 prime?
True
Is 4829043179 a composite number?
False
Is 8589465857 a prime number?
False
Is 16556403733 a composite number?
False
Is 183813753 composite?
True
Is 25731957379 composite?
False
Is 17356424681 a composite number?
False
Is 310398967469 prime?
True
Is 6208190147 a prime number?
False
Is 614864981 prime?
True
Is 7377656137 prime?
False
Is 36750120911 composite?
True
Is 8628163231 composite?
False
Is 54938074349 a prime number?
False
Is 998447399 composite?
True
Is 4703750813 prime?
False
Is 3590194859 a composite number?
False
Is 2528881959 a composite number?
True
Is 19543135427 composite?
False
Is 29958665297 prime?
False
Is 65079761 composite?
False
Is 4412620271 a prime number?
False
Is 781216487 prime?
False
Is 8138868401 a composite number?
True
Is 948554578 composite?
True
Is 12653706563 a prime number?
False
Is 7687551133 a composite number?
True
Is 295492809 composite?
True
Is 73205644321 a prime number?
False
Is 1277625859 a prime number?
False
Is 19127344031 a composite number?
False
Is 307092259 composite?
False
Is 953987677 a prime number?
True
Is 19000153 a prime number?
True
Is 15950159011 a prime number?
True
Is 1652597299 composite?
True
Is 1307465723 a composite number?
False
Is 132872563 composite?
False
Is 1977268407 a composite number?
True
Is 5207134873 composite?
False
Is 89327974279 prime?
True
Is 27292513699 a prime number?
False
Is 319224805 a prime number?
False
Is 4390886527 a prime number?
True
Is 54685453189 composite?
False
Is 250550808019 a composite number?
False
Is 17119172047 prime?
True
Is 1761181967 a prime number?
False
Is 17515598093 prime?
False
Is 3661030721 composite?
False
Is 35727541589 a prime number?
False
Is 154225443131 a prime number?
True
Is 6756953141 a prime number?
False
Is 123213493549 a composite number?
False
Is 1027887703 prime?
True
Is 1994720289 prime?
False
Is 4136675063 prime?
True
Is 595001227 prime?
True
Is 36057883229 composite?
False
Is 301938798731 prime?
False
Is 2135461451 prime?
False
Is 829781119 prime?
True
Is 2218319317 composite?
False
Is 252002371 a prime number?
True
Is 2041097 prime?
True
Is 261811447 prime?
False
Is 584109707 prime?
True
Is 1475336677 a composite number?
True
Is 970576514 prime?
False
Is 38288811469 composite?
False
Is 114689447 a prime number?
False
Is 1622359129 a prime number?
True
Is 83527115941 prime?
True
Is 51668818582 a prime number?
False
Is 248654261 a composite number?
True
Is 5415855331 prime?
True
Is 138829247 a composite number?
True
Is 17913249701 a prime number?
True
Is 173121734 a prime number?
False
Is 4394686297 a prime number?
True
Is 510373169 a composite number?
False
Is 13268389 a composite number?
True
Is 9220218487 a prime number?
True
Is 4989420091 composite?
False
Is 4301414753 prime?
True
Is 